{"id":674,"date":"2022-09-20T10:04:56","date_gmt":"2022-09-20T10:04:56","guid":{"rendered":"https:\/\/testsite2.studiohetzwarteschaap.nl\/?page_id=674"},"modified":"2025-12-18T12:28:05","modified_gmt":"2025-12-18T12:28:05","slug":"huurwoningen-vpt","status":"publish","type":"page","link":"https:\/\/szdv.nl\/?page_id=674","title":{"rendered":"Volledig Pakket Thuis (VPT)"},"content":{"rendered":"\n<h2 class=\"gb-headline gb-headline-cbc1958d gb-headline-text\">VPT is zorg voor u thuis<\/h2>\n\n\n\n<p>Wilt u&nbsp;zo lang mogelijk&nbsp;thuis blijven wonen in uw eigen vertrouwde omgeving&nbsp;met passende zorg en ondersteuning?&nbsp;Dan biedt Zorggroep De Vechtstreek u het Volledig Pakket Thuis (VPT).&nbsp;&nbsp;<br>&nbsp;<br>Wij geloven in ouder worden op uw manier. Samen met u streven we ernaar dit te bereiken.&nbsp;De zorg en ondersteuning vanuit Zorggroep de Vechtstreek is aanvullend op wat u nog zelf kan en&nbsp;uw netwerk kan betekenen. Daarnaast kan de inzet van (digitale) hulpmiddelen een waardevolle aanvulling zijn.&nbsp;&nbsp;&nbsp;&nbsp;<\/p>\n\n\n\n<p><strong>Wat is&nbsp;VPT?<\/strong>&nbsp;<br>Een arrangement van diensten en producten voor wanneer u intensieve, langdurige&nbsp;zorg en&nbsp;ondersteuning nodig heeft.&nbsp;Zorggroep de Vechtstreek kijkt daarom samen met u en uw naasten naar de mogelijkheden,&nbsp;afgestemd op wat voor u van betekenis is.&nbsp;&nbsp;<\/p>\n\n\n\n<p><strong>Welke&nbsp;zorg en ondersteuning bieden wij u met VPT?<\/strong>&nbsp;<\/p>\n\n\n\n<ul class=\"wp-block-list\">\n<li>Persoonlijke verzorging\u00a0\u00a0<\/li>\n<\/ul>\n\n\n\n<ul class=\"wp-block-list\">\n<li>Verpleging\u00a0<\/li>\n<\/ul>\n\n\n\n<ul class=\"wp-block-list\">\n<li>Begeleiding en activiteiten\u00a0<\/li>\n<\/ul>\n\n\n\n<ul class=\"wp-block-list\">\n<li>Dagbesteding\u00a0(inclusief vervoer)\u00a0<\/li>\n<\/ul>\n\n\n\n<ul class=\"wp-block-list\">\n<li>Huishoudelijke verzorging\u00a0<\/li>\n<\/ul>\n\n\n\n<ul class=\"wp-block-list\">\n<li>Maaltijdvoorziening (en\/of maaltijdvergoeding)\u00a0\u00a0<\/li>\n<\/ul>\n\n\n\n<ul class=\"wp-block-list\">\n<li>Professionele alarmering\u00a0\u00a0<\/li>\n<\/ul>\n\n\n\n<p><strong>Wat is niet inbegrepen bij VPT?<\/strong>&nbsp;<\/p>\n\n\n\n<ul class=\"wp-block-list\">\n<li>Algemene huisartsenzorg, tandheelkundige zorg en geneesmiddelen\u00a0<\/li>\n<\/ul>\n\n\n\n<ul class=\"wp-block-list\">\n<li>Woonlasten en alles wat met zelfstandig wonen samenhangt; denk hierbij aan huur, energie, belastingen, verzekeringen, telefoon, televisie en internet\u00a0\u00a0<\/li>\n<\/ul>\n\n\n\n<ul class=\"wp-block-list\">\n<li>Aanschaf van hulpmiddelen en aanpassingen aan de woning (via WMO bij de gemeente)\u00a0<\/li>\n<\/ul>\n\n\n\n<ul class=\"wp-block-list\">\n<li>Structurele\u00a0nachtzorg\u00a0<br>\u00a0<\/li>\n<\/ul>\n\n\n\n<p><strong>De voordelen van VPT<\/strong>&nbsp;<\/p>\n\n\n\n<ul class=\"wp-block-list\">\n<li>Thuis blijven wonen\u00a0in uw eigen vertrouwde omgeving\u00a0<\/li>\n<\/ul>\n\n\n\n<ul class=\"wp-block-list\">\n<li>Meer aandacht\u00a0voor\u00a0welzijn, structuur en een betekenisvolle dag\u00a0<\/li>\n<\/ul>\n\n\n\n<ul class=\"wp-block-list\">\n<li>Totaalpakket, afgestemd op uw behoefte\u00a0<\/li>\n<\/ul>\n\n\n\n<ul class=\"wp-block-list\">\n<li>Co\u00f6rdinatie van zorg en ondersteuning vanuit \u00e9\u00e9n zorgorganisatie: Zorggroep de Vechtstreek\u00a0\u00a0<\/li>\n<\/ul>\n\n\n\n<ul class=\"wp-block-list\">\n<li>Het Thuisteam kan\u00a0hulp bieden\u00a0bij\u00a0incidentele ongeplande zorgmomenten\u00a0<\/li>\n<\/ul>\n\n\n\n<ul class=\"wp-block-list\">\n<li>VPT biedt een mogelijkheid voor echtparen om langer samen te blijven wonen\u00a0<\/li>\n<\/ul>\n\n\n\n<p><strong>Indicatie<\/strong>\u00a0<br>VPT valt onder de Wet Langdurige Zorg (WLZ). Om VPT te kunnen ontvangen heeft u een\u00a0Wlz-indicatie nodig. Deze kunt u aanvragen bij het CIZ (<a href=\"https:\/\/www.ciz.nl\/\" target=\"_blank\" rel=\"noreferrer noopener\">www.ciz.nl<\/a>). Uiteraard kan Zorggroep de Vechtstreek hierbij ondersteunen of dit voor u regelen.\u00a0\u00a0<br>\u00a0<\/p>\n\n\n\n<p><strong>Kosten<\/strong>\u00a0<br>U betaalt voor het VPT een eigen bijdrage, afhankelijk van de hoogte van uw inkomen. Op de website van het Centraal Administratie Kantoor (CAK) kunt u uitrekenen wat de hoogte van de eigen bijdrage is (<a href=\"https:\/\/www.cak.nl\/\" target=\"_blank\" rel=\"noreferrer noopener\">www.cak.nl<\/a>).\u00a0<br>\u00a0<\/p>\n\n\n\n<figure class=\"gb-block-image gb-block-image-7c64e81c\"><img loading=\"lazy\" decoding=\"async\" width=\"1920\" height=\"1280\" class=\"gb-image gb-image-7c64e81c\" src=\"https:\/\/szdv.nl\/wp-content\/uploads\/2023\/01\/Breed_iStock-478693733.jpg\" alt=\"\" title=\"Senior gardener\" srcset=\"https:\/\/szdv.nl\/wp-content\/uploads\/2023\/01\/Breed_iStock-478693733.jpg 1920w, https:\/\/szdv.nl\/wp-content\/uploads\/2023\/01\/Breed_iStock-478693733-300x200.jpg 300w, https:\/\/szdv.nl\/wp-content\/uploads\/2023\/01\/Breed_iStock-478693733-1024x683.jpg 1024w, https:\/\/szdv.nl\/wp-content\/uploads\/2023\/01\/Breed_iStock-478693733-768x512.jpg 768w, https:\/\/szdv.nl\/wp-content\/uploads\/2023\/01\/Breed_iStock-478693733-1536x1024.jpg 1536w\" sizes=\"auto, (max-width: 1920px) 100vw, 1920px\" \/><\/figure>\n\n\n\n<hr class=\"wp-block-separator has-alpha-channel-opacity\"\/>\n\n\n\n<h2 class=\"gb-headline gb-headline-ddbd258d gb-headline-text\"><strong>Zorgadvies<\/strong><\/h2>\n\n\n\n<p>Voor meer informatie, advies en aanmelding kunt u contact opnemen met onze zorgbemiddelaars.<\/p>\n\n\n\n<p><\/p>\n","protected":false},"excerpt":{"rendered":"<p>VPT is zorg voor u thuis Wilt u&nbsp;zo lang mogelijk&nbsp;thuis blijven wonen in uw eigen vertrouwde omgeving&nbsp;met passende zorg en &#8230; <a title=\"Volledig Pakket Thuis (VPT)\" class=\"read-more\" href=\"https:\/\/szdv.nl\/?page_id=674\" aria-label=\"Lees meer over Volledig Pakket Thuis (VPT)\">&gt;&gt; Lees meer<\/a><\/p>\n","protected":false},"author":2,"featured_media":1619,"parent":6991,"menu_order":3,"comment_status":"closed","ping_status":"closed","template":"","meta":{"_acf_changed":false,"footnotes":""},"class_list":["post-674","page","type-page","status-publish","has-post-thumbnail"],"acf":[],"_links":{"self":[{"href":"https:\/\/szdv.nl\/index.php?rest_route=\/wp\/v2\/pages\/674","targetHints":{"allow":["GET"]}}],"collection":[{"href":"https:\/\/szdv.nl\/index.php?rest_route=\/wp\/v2\/pages"}],"about":[{"href":"https:\/\/szdv.nl\/index.php?rest_route=\/wp\/v2\/types\/page"}],"author":[{"embeddable":true,"href":"https:\/\/szdv.nl\/index.php?rest_route=\/wp\/v2\/users\/2"}],"replies":[{"embeddable":true,"href":"https:\/\/szdv.nl\/index.php?rest_route=%2Fwp%2Fv2%2Fcomments&post=674"}],"version-history":[{"count":9,"href":"https:\/\/szdv.nl\/index.php?rest_route=\/wp\/v2\/pages\/674\/revisions"}],"predecessor-version":[{"id":7233,"href":"https:\/\/szdv.nl\/index.php?rest_route=\/wp\/v2\/pages\/674\/revisions\/7233"}],"up":[{"embeddable":true,"href":"https:\/\/szdv.nl\/index.php?rest_route=\/wp\/v2\/pages\/6991"}],"wp:featuredmedia":[{"embeddable":true,"href":"https:\/\/szdv.nl\/index.php?rest_route=\/wp\/v2\/media\/1619"}],"wp:attachment":[{"href":"https:\/\/szdv.nl\/index.php?rest_route=%2Fwp%2Fv2%2Fmedia&parent=674"}],"curies":[{"name":"wp","href":"https:\/\/api.w.org\/{rel}","templated":true}]}}