{"id":654,"date":"2022-09-20T09:17:11","date_gmt":"2022-09-20T09:17:11","guid":{"rendered":"https:\/\/testsite2.studiohetzwarteschaap.nl\/?page_id=654"},"modified":"2025-07-17T12:03:28","modified_gmt":"2025-07-17T12:03:28","slug":"welzijn","status":"publish","type":"page","link":"https:\/\/szdv.nl\/?page_id=654","title":{"rendered":"Welzijn"},"content":{"rendered":"\n<h2 class=\"gb-headline gb-headline-eba2a6c3 gb-headline-text\">Welzijnsactiviteiten<\/h2>\n\n\n\n<p>Binnen de regio Stichtse Vecht worden diverse welzijnsactiviteiten geboden voor ouderen. Hieronder volgt een weergave van een aantal van deze activiteiten. Voor meer activiteiten en aanbieders kunt u ook kijken op de <a rel=\"noreferrer noopener\" href=\"https:\/\/landelijk.socialekaartnederland.nl\/organisaties\/welzijn-stichtse-vecht-maarssen?wat=stichtsevecht\" target=\"_blank\">sociale kaart<\/a> van de gemeente Stichtse Vecht. <\/p>\n\n\n\n<h2 class=\"gb-headline gb-headline-a5d6d97e gb-headline-text\">Bibliotheek<\/h2>\n\n\n\n<p>In Breukelen, Loenen aan de Vecht en Kockengen vindt u bibliotheken die voor iedereen toegankelijk zijn. Kijk voor meer informatie op de <a rel=\"noreferrer noopener\" href=\"http:\/\/www.bibliotheekavv.nl\" target=\"_blank\">website<\/a>. Ook In de diverse locaties van Zorggroep De Vechtstreek kunt u terecht voor boeken.<\/p>\n\n\n\n<h2 class=\"gb-headline gb-headline-a58356f0 gb-headline-text\">Cursussen<\/h2>\n\n\n\n<p>Cursussen volgen is niet alleen leerzaam, maar ook leuk, gezellig en altijd waardevol. Een deskundige docent kan u antwoord geven op uw specifieke vragen. Daarnaast blijkt vaak dat het delen van ervaringen met mensen die \u2018in hetzelfde schuitje\u2019 zitten, soms erg prettig is.<\/p>\n\n\n\n<p>Cursussen op creatief, cultureel en educatief gebied worden binnen Zorggroep De Vechtstreek aangeboden door <a href=\"https:\/\/momenz.nl\/\" target=\"_blank\" rel=\"noreferrer noopener\">MOmenz<\/a> en in de provincie Utrecht.<\/p>\n\n\n\n<h2 class=\"gb-headline gb-headline-53d0292f gb-headline-text\">Handjehelpen<\/h2>\n\n\n\n<p><a href=\"http:\/\/www.handjehelpen.nl\" target=\"_blank\" rel=\"noreferrer noopener\">Handjehelpen<\/a> gelooft in een samenleving waar iedereen mee kan doen en waar mensen zich voor elkaar inzetten. Daarom ondersteunen wij mensen die zonder onze steun niet of slechts ten dele mee kunnen doen. Dat zijn veelal kinderen en volwassenen met een chronische ziekte, beperking of gedrag dat om extra zorg en aandacht vraagt.<\/p>\n\n\n\n<p>Wij zijn er ook voor (overbelaste) mantelzorgers. Wij koppelen hen aan mensen &#8211; vrijwilligers en stagiairs &#8211; die hun maatschappelijke betrokkenheid om willen zetten in daden. Onze hulpvragers geven aan dat dankzij een maatje hun leven fijner is, dat ze m\u00e9\u00e9r contacten hebben en beter in hun vel zitten. D\u00e1t is het Handjehelpen-effect!<\/p>\n\n\n\n<p>Gun jij meer mensen dit effect? Word ook maatje voor iemand bij jou in de buurt. We zijn actief in 18 gemeenten in de provincie Utrecht, in Amsterdam en in Weesp. <\/p>\n\n\n\n<h2 class=\"gb-headline gb-headline-611f792d gb-headline-text\">Kapper in verpleeg- en verzorgingshuizen<\/h2>\n\n\n\n<p>De diverse locaties van Zorggroep De Vechtstreek hebben een kapsalon in huis waar u gebruik van kan maken.<\/p>\n\n\n\n<p>Voor meer informatie kunt u terecht bij de receptie van De Aa in Breukelen op <a href=\"tel:0031346258400\">0346 258400<\/a> en \u2019t Kampje te Loenen aan de Vecht kunt u rechtstreeks bellen met Kapsalon Belle: <a href=\"tel:0031628898263\">06 28898263<\/a><\/p>\n\n\n\n<h2 class=\"gb-headline gb-headline-1a70816d gb-headline-text\">Recreatieve en sportactiviteiten<\/h2>\n\n\n\n<p>Zorggroep De Vechtstreek biedt diverse activiteiten aan hun cli\u00ebnten. Ook inwoners uit de gemeente zijn welkom om deel te nemen aan onze activiteiten. Hiervoor wordt een kleine vergoeding gevraagd. Op onze locatie in Breukelen is ook o.a. fitness mogelijk bij de fysiotherapeut bij, de in De Driestroom gevestigde, praktijk Vechtstreek Fysiotherapie. De fysiotherapiepraktijk van R. Beelen biedt ook spreekuur op locatie Overdorp. Binnen de regio Breukelen, Loenen aan de Vecht en Kockengen worden diverse activiteiten aangeboden voor inwoners uit de regio in alle leeftijdscategorie\u00ebn. Te denken valt aan sportverenigingen, sportscholen, zwembaden, fysiotherapie praktijken enz.. Voor meer informatie kunt u kijken in de gemeentegids van de gemeente <a rel=\"noreferrer noopener\" href=\"http:\/\/stichtsevecht.socialekaartnederland.nl\/\" target=\"_blank\">Stichtse Vecht<\/a>. <\/p>\n\n\n\n<h2 class=\"gb-headline gb-headline-90420260 gb-headline-text\">Rijbewijskeuring<\/h2>\n\n\n\n<p>Wilt u uw rijbewijs vernieuwen of vervangen? Dan kunt u bij de gemeente <a href=\"https:\/\/stichtsevecht.nl\/\" target=\"_blank\" rel=\"noreferrer noopener\">Stichtse Vecht<\/a> terecht.<\/p>\n\n\n\n<h2 class=\"gb-headline gb-headline-77e49928 gb-headline-text\">Rollator Reparatie<\/h2>\n\n\n\n<p>Lekker in het zonnetje buiten zijn, met uw rollator, rolstoel of scootmobiel, dat kan als uw hulpmiddel ook goed werkt. Graag Gedaan de vrijwillige hulpdienst uit Breukelen, onderdeel van welzijn Stichtse Vecht, heeft een vrijwilliger die uw hulpmiddel kan nakijken en zo mogelijk kan repareren.<\/p>\n\n\n\n<h2 class=\"gb-headline gb-headline-001c431c gb-headline-text\">Regiotaxi<\/h2>\n\n\n\n<p>Bent u niet in staat om met het openbaar vervoer te reizen of wilt u graag begeleiding bij uw ziekenhuisbezoek? Dan kunt u gebruik maken van de Regiotaxi. Op de site van de gemeente vindt u informatie voor het gebruik van de Regiotaxi <a href=\"https:\/\/stichtsevecht.nl\/\" target=\"_blank\" rel=\"noreferrer noopener\">www.stichtsevecht.nl<\/a><\/p>\n\n\n\n<p>Op het gebied van gezondheidszorg, activiteiten voor ouderen, wonen of financi\u00eble regelingen voor ouderen die het niet zo breed hebben, beschikt MOmenz over vrijwilligers die zijn opgeleid om u te informeren over de regelingen en voorzieningen die er zijn. In de praktijk is gebleken dat veel ouderen onvoldoende op de hoogte zijn. Samen met de vrijwilliger kunt u kijken waar u nu of in de toekomst gebruik van wilt maken. Voor meer informatie kunt u kijken op de website van <a rel=\"noreferrer noopener\" href=\"https:\/\/momenz.nl\/\" target=\"_blank\">MOmenz<\/a>. <\/p>\n\n\n\n<h2 class=\"gb-headline gb-headline-1cab96f5 gb-headline-text\">Andere verenigingen \/ belangenorganisaties<\/h2>\n\n\n\n<p>Op landelijk niveau zijn er diverse andere welzijnsorganisaties en belangenorganisaties actief, zoals de <a rel=\"noreferrer noopener\" href=\"http:\/\/www.zonnebloem.nl\" target=\"_blank\">www.zonnebloem.nl<\/a> en de <a rel=\"noreferrer noopener\" href=\"http:\/\/www.anbo.nl\" target=\"_blank\">www.anbo.nl<\/a>. Deze bieden ook in de gemeente Stichtse Vecht hun diensten aan. Voor meer informatie kunt u kijken op de <a rel=\"noreferrer noopener\" href=\"http:\/\/www.socialekaartnederland.nl\" target=\"_blank\">sociale kaart<\/a><a rel=\"noreferrer noopener\" href=\"http:\/\/www.socialekaartnederland.nl\/\" target=\"_blank\">.<\/a><\/p>\n\n\n<div class=\"gb-container gb-container-19fc5cbe\"><a class=\"gb-container-link\" href=\"\/locaties\/de-aa\/eten-en-genieten\/\"><\/a><div class=\"gb-inside-container\">\n<div class=\"gb-grid-wrapper gb-grid-wrapper-1fc2814e\">\n<div class=\"gb-grid-column gb-grid-column-5894b474\"><div class=\"gb-container gb-container-5894b474\"><div class=\"gb-inside-container\">\n\n<figure class=\"gb-block-image gb-block-image-08b331fa\"><img loading=\"lazy\" decoding=\"async\" width=\"1920\" height=\"1281\" class=\"gb-image gb-image-08b331fa\" src=\"https:\/\/szdv.nl\/wp-content\/uploads\/2023\/01\/Breed_iStock-665837302.jpg\" alt=\"\" title=\"Group of Senior Retirement Meet up Happiness Concept\" srcset=\"https:\/\/szdv.nl\/wp-content\/uploads\/2023\/01\/Breed_iStock-665837302.jpg 1920w, https:\/\/szdv.nl\/wp-content\/uploads\/2023\/01\/Breed_iStock-665837302-300x200.jpg 300w, https:\/\/szdv.nl\/wp-content\/uploads\/2023\/01\/Breed_iStock-665837302-1024x683.jpg 1024w, https:\/\/szdv.nl\/wp-content\/uploads\/2023\/01\/Breed_iStock-665837302-768x512.jpg 768w, https:\/\/szdv.nl\/wp-content\/uploads\/2023\/01\/Breed_iStock-665837302-1536x1025.jpg 1536w\" sizes=\"auto, (max-width: 1920px) 100vw, 1920px\" \/><\/figure>\n\n<\/div><\/div><\/div>\n\n<div class=\"gb-grid-column gb-grid-column-7c65b199\"><div class=\"gb-container gb-container-7c65b199\"><div class=\"gb-inside-container\">\n\n<h2 class=\"gb-headline gb-headline-3b0f0413 gb-headline-text\">Eten en genieten<\/h2>\n\n\n\n<p>Lekker eten is belangrijk, vinden we bij Zorggroep De Vechtstreek. Iedereen kan dagelijks terecht in onze restaurants. We bezorgen ook maaltijden aan huis.<\/p>\n\n\n<div class=\"gb-button-wrapper gb-button-wrapper-7193e48c\">\n\n<a class=\"gb-button gb-button-add24349 gb-button-text\" href=\"\/locaties\/eten-en-genieten\/\">Lees verder<\/a>\n\n<\/div>\n<\/div><\/div><\/div>\n<\/div>\n<\/div><\/div>\n\n\n<h2 class=\"gb-headline gb-headline-582290e3 gb-headline-text\">Servicediensten Graag Gedaan<\/h2>\n\n\n\n<p>Graag Gedaan is onderdeel van <a rel=\"noreferrer noopener\" href=\"https:\/\/momenz.nl\/\" target=\"_blank\">MOmenz<\/a>. De Vrijwillige Hulpdienst probeert te helpen in situaties, waarin andere instellingen, familie of vrienden niet kunnen helpen. Het gaat om eenvoudige diensten zoals:<\/p>\n\n\n\n<ul class=\"wp-block-list\">\n<li>Begeleiden van ouderen of alleenstaanden bij een ziekenhuisbezoek of &#8211; opname.<\/li>\n\n\n\n<li>Vervoer of begeleiding van mensen die minder goed ter been zijn, naar de dokter, de fysiotherapeut, de kapper, tandarts enz.<\/li>\n\n\n\n<li>Een boodschap doen voor een zieke of een oudere en kleine karweitjes in en om het huis.<\/li>\n\n\n\n<li>Informatieverstrekking en doorverwijzen naar andere organisaties, Meer informatie over de servicediensten staat beschreven op de website van <a href=\"https:\/\/momenz.nl\/\" target=\"_blank\" rel=\"noopener\">MOmenz<\/a>.<\/li>\n<\/ul>\n\n\n\n<p>Bij Graag Gedaan kunt u tijdens de spreekuren op maandag, woensdag en vrijdag van 09.00-10.00 uur ook uw hulpvraag op het gebied van vervoer, maar ook boodschappen en klussen bij ons neerleggen.<\/p>\n\n\n<div class=\"gb-container gb-container-6ffa6a89\"><a class=\"gb-container-link\" href=\"\/zorg\/dementiezorg\/\"><\/a><div class=\"gb-inside-container\">\n<div class=\"gb-grid-wrapper gb-grid-wrapper-1c42fa07\">\n<div class=\"gb-grid-column gb-grid-column-0d571d97\"><div class=\"gb-container gb-container-0d571d97\"><div class=\"gb-inside-container\">\n\n<figure class=\"gb-block-image gb-block-image-63480328\"><img loading=\"lazy\" decoding=\"async\" width=\"1920\" height=\"1280\" class=\"gb-image gb-image-63480328\" src=\"https:\/\/szdv.nl\/wp-content\/uploads\/2023\/01\/Breed_iStock-941420538.jpg\" alt=\"\" title=\"Senior Woman Doing Crossword Puzzle At Home\" srcset=\"https:\/\/szdv.nl\/wp-content\/uploads\/2023\/01\/Breed_iStock-941420538.jpg 1920w, https:\/\/szdv.nl\/wp-content\/uploads\/2023\/01\/Breed_iStock-941420538-300x200.jpg 300w, https:\/\/szdv.nl\/wp-content\/uploads\/2023\/01\/Breed_iStock-941420538-1024x683.jpg 1024w, https:\/\/szdv.nl\/wp-content\/uploads\/2023\/01\/Breed_iStock-941420538-768x512.jpg 768w, https:\/\/szdv.nl\/wp-content\/uploads\/2023\/01\/Breed_iStock-941420538-1536x1024.jpg 1536w\" sizes=\"auto, (max-width: 1920px) 100vw, 1920px\" \/><\/figure>\n\n<\/div><\/div><\/div>\n\n<div class=\"gb-grid-column gb-grid-column-59762384\"><div class=\"gb-container gb-container-59762384\"><div class=\"gb-inside-container\">\n\n<h2 class=\"gb-headline gb-headline-1e98fd78 gb-headline-text\">Dementiezorg<\/h2>\n\n\n\n<p>Als dementie een rol in het leven van uw partner gaat spelen staat u er niet alleen voor. Er zijn tal van maatregelen en diensten van waardoor u samen langer thuis kunt blijven wonen.<\/p>\n\n\n<div class=\"gb-button-wrapper gb-button-wrapper-d43bc0c1\">\n\n<a class=\"gb-button gb-button-24be7663 gb-button-text\" href=\"\/zorg\/dementiezorg\/\">Lees verder<\/a>\n\n<\/div>\n<\/div><\/div><\/div>\n<\/div>\n<\/div><\/div>\n\n\n<h2 class=\"gb-headline gb-headline-3a0a2f63 gb-headline-text\">Vrijwilligerswerk<\/h2>\n\n\n\n<p>Wilt u graag andere mensen helpen en in contact komen met andere bewoners uit Zorggroep De Vechtstreek? Zoekt u een manier om uw tijd zinvol te besteden of zoekt u werk als alternatief voor een betaalde baan? Informeer dan naar de mogelijkheden tot vrijwilligerswerk! Voor meer informatie en\/of aanmeldingen kunt bellen naar <a href=\"tel:0031346258400\">0346 25 84 00<\/a>.<\/p>\n\n\n\n<ul class=\"wp-block-list\">\n<li>Marja Gasse <a href=\"mailto:m.gasse@szdv.nl\">m.gasse@szdv.nl<\/a> (co\u00f6rdinator AB\/welzijn De Aa)<\/li>\n\n\n\n<li>Corina de Keijzer <a href=\"mailto:c.dekeijzer@szdv.nl\">c.dekeijzer@szdv.nl<\/a> (De Aa)<\/li>\n\n\n\n<li>Ramona van Leeuwen <a href=\"mailto:r.vanleeuwen@szdv.nl\">r.vanleeuwen@szdv.nl<\/a> (co\u00f6rdinator AB\/welzijn Overdorp)<\/li>\n\n\n\n<li>Tessa Hendriks, <a href=\"mailto:t.hendriks@szdv.nl\">t.hendriks@szdv.nl<\/a> (co\u00f6rdinator AB\/welzijn &#8217;t Kampje)<\/li>\n<\/ul>\n\n\n\n<p>Kijk voor het <a href=\"https:\/\/vechtstreek.voorvrijwilligers.nl\/\" target=\"_blank\" rel=\"noreferrer noopener\">vacatureoverzicht<\/a> of bezoek <a href=\"http:\/\/handjehelpen.nl\" target=\"_blank\" rel=\"noreferrer noopener\">Handjehelpen<\/a>.<\/p>\n\n\n\n<figure class=\"gb-block-image gb-block-image-4e07dfa8\"><img loading=\"lazy\" decoding=\"async\" width=\"1772\" height=\"1182\" class=\"gb-image gb-image-4e07dfa8\" src=\"https:\/\/szdv.nl\/wp-content\/uploads\/2023\/02\/Breed_20220705_084427.png\" alt=\"\" title=\"Breed_20220705_084427\" srcset=\"https:\/\/szdv.nl\/wp-content\/uploads\/2023\/02\/Breed_20220705_084427.png 1772w, https:\/\/szdv.nl\/wp-content\/uploads\/2023\/02\/Breed_20220705_084427-300x200.png 300w, https:\/\/szdv.nl\/wp-content\/uploads\/2023\/02\/Breed_20220705_084427-1024x683.png 1024w, https:\/\/szdv.nl\/wp-content\/uploads\/2023\/02\/Breed_20220705_084427-768x512.png 768w, https:\/\/szdv.nl\/wp-content\/uploads\/2023\/02\/Breed_20220705_084427-1536x1025.png 1536w\" sizes=\"auto, (max-width: 1772px) 100vw, 1772px\" \/><\/figure>\n\n\n\n<p><strong>Team Welzijn in Overdorp<\/strong><\/p>\n\n\n\n<h2 class=\"gb-headline gb-headline-cd75bb90 gb-headline-text\">Zorgadvies<\/h2>\n\n\n\n<p>Voor meer informatie, advies en aanmelding kunt u het onderstaande formulier invullen of onze zorgbemiddelaars bellen \/ mailen (zie inzet &#8220;Zorgadvies&#8221;).<\/p>\n\n\n<div class=\"gb-container gb-container-65e0b894\"><div class=\"gb-inside-container\">\n<div class=\"gb-grid-wrapper gb-grid-wrapper-137c0b18\">\n<div class=\"gb-grid-column gb-grid-column-a71a9f6d\"><div class=\"gb-container gb-container-a71a9f6d\"><div class=\"gb-inside-container\">\n\n<figure class=\"gb-block-image gb-block-image-23b138d8\"><img loading=\"lazy\" decoding=\"async\" width=\"1919\" height=\"1280\" class=\"gb-image gb-image-23b138d8\" src=\"https:\/\/szdv.nl\/wp-content\/uploads\/2023\/02\/Breed_iStock-1417565288.jpg\" alt=\"\" title=\"Retired tourists in 60s and 70s onboard motor coach\" srcset=\"https:\/\/szdv.nl\/wp-content\/uploads\/2023\/02\/Breed_iStock-1417565288.jpg 1919w, https:\/\/szdv.nl\/wp-content\/uploads\/2023\/02\/Breed_iStock-1417565288-300x200.jpg 300w, https:\/\/szdv.nl\/wp-content\/uploads\/2023\/02\/Breed_iStock-1417565288-1024x683.jpg 1024w, https:\/\/szdv.nl\/wp-content\/uploads\/2023\/02\/Breed_iStock-1417565288-768x512.jpg 768w, https:\/\/szdv.nl\/wp-content\/uploads\/2023\/02\/Breed_iStock-1417565288-1536x1025.jpg 1536w\" sizes=\"auto, (max-width: 1919px) 100vw, 1919px\" \/><\/figure>\n\n<\/div><\/div><\/div>\n\n<div class=\"gb-grid-column gb-grid-column-b605f1bb\"><div class=\"gb-container gb-container-b605f1bb\"><div class=\"gb-inside-container\">\n\n<h2 class=\"gb-headline gb-headline-4f41b744 gb-headline-text\">Vrienden van &#8230;<\/h2>\n\n\n\n<p>Donaties van de Vrienden van de woonzorgcentra financieren activiteiten, en presentjes om ouderen meer plezier in hun oude dag te bezorgen.<\/p>\n\n<\/div><\/div><\/div>\n<\/div>\n\n<div class=\"gb-grid-wrapper gb-grid-wrapper-26205344\">\n<div class=\"gb-grid-column gb-grid-column-45d4bbe8\"><div class=\"gb-container gb-container-45d4bbe8\"><div class=\"gb-inside-container\">\n<div class=\"gb-button-wrapper gb-button-wrapper-90f01fa2\">\n\n<a class=\"gb-button gb-button-8655f22c gb-button-text\" href=\"\/locaties\/de-aa\/vrienden-van-de-aa\/\">De Aa<\/a>\n\n<\/div>\n<\/div><\/div><\/div>\n\n<div class=\"gb-grid-column gb-grid-column-bcd61e6b\"><div class=\"gb-container gb-container-bcd61e6b\"><div class=\"gb-inside-container\">\n<div class=\"gb-button-wrapper gb-button-wrapper-457658fd\">\n\n<a class=\"gb-button gb-button-1ffa54b3 gb-button-text\" href=\"\/locaties\/t-kampje\/vrienden-van-t-kampje\/\">&#8217;t Kampje<\/a>\n\n<\/div>\n<\/div><\/div><\/div>\n\n<div class=\"gb-grid-column gb-grid-column-9bd8a079\"><div class=\"gb-container gb-container-9bd8a079\"><div class=\"gb-inside-container\">\n<div class=\"gb-button-wrapper gb-button-wrapper-47c1d626\">\n\n<a class=\"gb-button gb-button-53e3fa95 gb-button-text\" href=\"\/locaties\/overdorp\/vrienden-van-overdorp\/\">Overdorp<\/a>\n\n<\/div>\n<\/div><\/div><\/div>\n<\/div>\n<\/div><\/div>","protected":false},"excerpt":{"rendered":"<p>Welzijnsactiviteiten Binnen de regio Stichtse Vecht worden diverse welzijnsactiviteiten geboden voor ouderen. Hieronder volgt een weergave van een aantal van &#8230; <a title=\"Welzijn\" class=\"read-more\" href=\"https:\/\/szdv.nl\/?page_id=654\" aria-label=\"Lees meer over Welzijn\">&gt;&gt; Lees meer<\/a><\/p>\n","protected":false},"author":2,"featured_media":1589,"parent":6991,"menu_order":1,"comment_status":"closed","ping_status":"closed","template":"","meta":{"_acf_changed":false,"footnotes":""},"class_list":["post-654","page","type-page","status-publish","has-post-thumbnail"],"acf":[],"_links":{"self":[{"href":"https:\/\/szdv.nl\/index.php?rest_route=\/wp\/v2\/pages\/654","targetHints":{"allow":["GET"]}}],"collection":[{"href":"https:\/\/szdv.nl\/index.php?rest_route=\/wp\/v2\/pages"}],"about":[{"href":"https:\/\/szdv.nl\/index.php?rest_route=\/wp\/v2\/types\/page"}],"author":[{"embeddable":true,"href":"https:\/\/szdv.nl\/index.php?rest_route=\/wp\/v2\/users\/2"}],"replies":[{"embeddable":true,"href":"https:\/\/szdv.nl\/index.php?rest_route=%2Fwp%2Fv2%2Fcomments&post=654"}],"version-history":[{"count":22,"href":"https:\/\/szdv.nl\/index.php?rest_route=\/wp\/v2\/pages\/654\/revisions"}],"predecessor-version":[{"id":7022,"href":"https:\/\/szdv.nl\/index.php?rest_route=\/wp\/v2\/pages\/654\/revisions\/7022"}],"up":[{"embeddable":true,"href":"https:\/\/szdv.nl\/index.php?rest_route=\/wp\/v2\/pages\/6991"}],"wp:featuredmedia":[{"embeddable":true,"href":"https:\/\/szdv.nl\/index.php?rest_route=\/wp\/v2\/media\/1589"}],"wp:attachment":[{"href":"https:\/\/szdv.nl\/index.php?rest_route=%2Fwp%2Fv2%2Fmedia&parent=654"}],"curies":[{"name":"wp","href":"https:\/\/api.w.org\/{rel}","templated":true}]}}